 3*v**2 + 2*v - 6. Let j = -146 + 143. Let h(u) = j*y(u) - 2*l(u). Give h(0).
8
Suppose 4*k + 19 = w, 4*k = 3*w - w - 22. Let v(o) = 0*o**w + 11 + 11*o**2 - 2*o - 5*o**2 - 16*o**2 + o**3. What is v(10)?
-9
Let n(z) = 13*z**3 - 2*z**2 + 2*z - 1. Let t be 1/((-4)/92) - 0. Let y = t + 24. Determine n(y).
12
Let s(m) = -2*m - 3. Let y(r) = -r**3 + 3*r**2 + 11*r - 3. Let g be y(5). Suppose g*p = -29 + 19. What is s(p)?
7
Let a(n) be the first derivative of n**3/3 - 3*n**2 - 10*n - 6. Let b be a(8). Let s(o) = -6*o - 8 - 2*o - o**2 + 14*o + 3. Calculate s(b).
-5
Let m(v) be the first derivative of 6 + 1/3*v**3 - 3/2*v**2 + 0*v. Give m(3).
0
Let i(k) = k**2 + 2*k - 26. Let n be i(4). Let p(v) = 18*v + 3. Calculate p(n).
-33
Let s(n) = 1 + 9 + 2*n - 3*n. Determine s(15).
-5
Let j(o) = 10*o - 1. Let b(l) = 4 - 13*l - 14*l - 13*l. Let k(h) = 2*b(h) + 9*j(h). Give k(1).
9
Let q(u) = 3*u**2 + u + 10. Suppose -6*f - 5 = -7*f. Let w(p) = -p**2 - p - 5. Let v(h) = f*w(h) + 2*q(h). Calculate v(4).
-1
Let v(h) be the third derivative of 0*h + h**2 - 1/720*h**6 + 0*h**4 - 1/10*h**5 + 0 + 0*h**3 + 1/720*h**7. Let w(y) be the third derivative of v(y). Give w(1).
6
Suppose -3*y = 0, 4*v = -v + 3*y + 175. Suppose 5*g - 15 = -v. Let l(r) = 2*r + 5. Determine l(g).
-3
Let z(p) = p**2 - 11*p + 8. Let m = -17 - -28. What is z(m)?
8
Let h be 14/21*12/(-8) - -3. Let i(l) = l**3 - 2*l**2 + 3*l. Determine i(h).
6
Let l(b) = -7*b**2 - 10*b + 16. Let y(z) = -4*z**2 - 5*z + 8. Suppose -4*n + d = 17, 0 = d - 5. Let r(c) = n*l(c) + 5*y(c). What is r(-6)?
-2
Let l(n) be the first derivative of 6 - n + 1/2*n**2 - 1/3*n**3. What is l(4)?
-13
Suppose 377 + 7 = -32*w. Let q(o) = o**3 + 13*o**2 + 9*o - 12. Give q(w).
24
Let s(x) = -x**3 - 3*x**2 + 5*x + 4. Let d be s(-4). Let u(i) = -33*i**2 + d + 34*i**2 - 11. Calculate u(0).
-11
Let p(m) = 9*m**3 - 3*m**2 + 7*m + 14. Let i(f) = -14*f**3 + 5*f**2 - 11*f - 22. Let j(h) = -5*i(h) - 8*p(h). What is j(-2)?
12
Let p(j) = 3*j + 13. Let y(u) = -6*u - 24. Let c(m) = -5*p(m) - 3*y(m). Calculate c(-5).
-8
Let l(t) = -t**3 + 10*t**2 + 10*t + 14. Let o be ((-121)/(-22))/((-3)/(0 + -6)). Determine l(o).
3
Suppose 314 = 4*f + 94. Let p(t) = -4 - t**3 + 4*t**2 + 26*t + 26*t - f*t. What is p(3)?
-4
Suppose 4*g - 128 = -0. Let u = g + -47. Let v = u - -14. Let n(w) = -2*w**3 - w**2 - 2*w - 1. What is n(v)?
2
Let r(b) = -9*b - 1. Let i = 1120 - 1114. Determine r(i).
-55
Let m(s) = -s**2 - 1 - 14*s + 6 + 7*s + 2*s**2. Let n(h) = h**3 + 4*h**2 - 2*h + 7. Let i be n(-5). Let r be 1*(9 - i/(-4)). What is m(r)?
5
Let v(j) = -j**3 - 9*j**2 + 8*j + 9. Let z(c) = -3*c**3 - 27*c**2 + 25*c + 28. Let q(x) = 8*v(x) - 3*z(x). Calculate q(-10).
-2
Let w(k) be the second derivative of -k**5/20 + k**4/6 + k**3/2 + k**2 + 40*k - 2. Let t = 32 + -23. Let l = t - 5. Determine w(l).
-18
Let l(a) = -7*a - 6*a**2 - 5 - 3*a**2 + a**3 + 9*a - 1. Determine l(9).
12
Suppose -7 = -10*n + 43. Let i(c) = -7*c + 2. Give i(n).
-33
Let v be 2/(-7) - 24/14. Let c(p) be the third derivative of 0*p - 1/3*p**3 + 0 + 1/12*p**4 - 14*p**2 + 1/20*p**5. Give c(v).
6
Let t(h) be the third derivative of -11*h**5/30 - h**3/6 + 5655*h**2. Suppose -4*p - 3 = -p. What is t(p)?
-23
Let q(v) = -18*v**3 + 4*v**2 - 2 + 29*v**3 - 10*v**3. Let t = -3 - -5. Let z = t - 6. Give q(z).
-2
Let k be (-4)/2*(-2)/4. Suppose 0 = 4*r - 5 + k. Let l(w) = w**2 - 3*w**2 + 1 + 1 - r - w. What is l(1)?
-2
Let m(k) = -k**2 - 8*k - 5. Let n be m(-8). Let q(p) = -2*p - 3. Determine q(n).
7
Let u(y) = y**3 - 4*y**2 - 4*y. Let i be u(5). Let h(k) = 2*k - i - 4 + 6 + 6. Calculate h(3).
9
Let g(c) = -4*c + 19 + 10*c + 0*c. Let p(k) = 3*k + 9. Let f(q) = 4*g(q) - 9*p(q). What is f(-5)?
10
Let g = 2005 + -2003. Let s(n) = 4 - 3*n - 1 - 1. Give s(g).
-4
Let d be 63/12*(-16)/(-6). Let c(a) = 2*a - 19. Let h be c(d). Let l(r) = 7*r - 15 + 5 + h. Determine l(-1).
-8
Let l(c) = -2*c - 6. Suppose 11*y + 30 = 6*y. Determine l(y).
6
Suppose a + 6 = 5*r - 5, -a = 3*r - 21. Suppose -9*m + 12*m = a. Let k(s) = 5*s + s**m + 3*s**2 - 2*s - 6 - 6 + 15. Calculate k(-2).
1
Let t be (-6)/39 + 504/(-104). Let h(r) = -5*r + 6. What is h(t)?
31
Let s(r) be the third derivative of r**5/40 + r**4/8 + 2*r**3/3 + r**2. Let w(y) be the first derivative of s(y). Calculate w(-5).
-12
Let a(c) = -40*c**2 + 11*c**2 + 28*c**2 - 8 + 9*c. Give a(8).
0
Let n(t) = -2*t**2 - 11*t + 12. Suppose 0 = -2*d + 4*u + 2*u - 32, 3*d - 2*u = -27. What is n(d)?
-9
Let l = 45 + -44. Let k(i) = 9*i**3 + l - 22*i**2 + 50*i**2 - 28*i**2. Give k(1).
10
Suppose 4*n = 3*s + 11, 0*n + 2*s = -n. Let k(v) = v. Let f(d) = -d + 2. Let i(w) = n*k(w) + f(w). Determine i(-3).
-1
Let h be (1/(-3))/(9/162). Let i(w) = w**2 + 10*w + 7. Determine i(h).
-17
Suppose -54*k + 330 = -21*k. Let y(x) = -x**3 + 10*x**2 + 3. Give y(k).
3
Let t(i) = -i**3 - i**2 + i + 1. Let n be 20/90 + (-22)/18. Let w be t(n). Suppose -4*f + 26 = o, -o - f + 11 = -w*o. Let d(q) = q**2 - 6*q. Give d(o).
0
Let x(f) = -4*f. Suppose 145*j + k - 28 = 141*j, 2*j - 20 = -2*k. Give x(j).
-24
Let m(h) = 13*h + 11. Let p(k) = 20*k + 16. Let w(g) = 8*m(g) - 5*p(g). Calculate w(-7).
-20
Let g(o) = 8*o - 1. Suppose 2*z = -2*a - 8, -5*a = 3*z - 2*z + 24. Calculate g(z).
7
Let x(h) be the first derivative of -h**2/2 - 2*h - 1. Let g(o) = 3*o - 20. Let t be g(9). Let i(d) = 2*d - 19. Let k be i(t). Calculate x(k).
3
Let p(h) = h. Let f = 27 + -30. Let b(n) = -4*n + 2. Let q(w) = f*p(w) - b(w). Calculate q(-2).
-4
Let m(w) = 12*w. Let j be m(9). Let d = 111 - j. Let t(u) = -u**3 + 4*u**2 - 4*u + 2. Give t(d).
-1
Let b(o) = o**3 - 5*o**2 - 5*o - 5. Let k be b(6). Suppose -3*x - 2*s - 9 = 0, 2*s = 5*x - k - 0. Let r(c) = 4*c + 1. Determine r(x).
-3
Suppose 5*c + 2*b + 12 = 0, -b - 16 + 17 = -c. Let t(i) = i**2 - 2*i - 3. What is t(c)?
5
Let r = 2 + -1. Let a(f) = -r - 6*f**2 + 4*f**2 - f - 1. Suppose 9 = w + 11. Determine a(w).
-8
Let n(q) = 2*q**2 - 5*q + 2. Let y be n(2). Suppose y*f + 3*f + 24 = -3*o, -4*o + f - 7 = 0. Let z(b) = -b**3 - 5*b**2 - 5*b - 2. Determine z(o).
-5
Suppose -18*z = -17*z. Suppose -5*u = -5*p - 4 - 1, p + 2*u + 1 = z. Let v(t) be the first derivative of t**4 - t**3/3 - t**2/2 - t - 4. Calculate v(p).
-5
Let z(c) be the second derivative of -23*c**3/6 + c**2/2 + 809*c. Give z(2).
-45
Let v(l) = -l**2 + 6*l - 5. Let k = -56 + 77. Let s = 26 - k. Give v(s).
0
Let z(j) = 1181*j + 1190*j - 2370*j + 3 + 1. Suppose -4*b - 4*g - 29 = -g, 0 = -b - 5*g - 20. Calculate z(b).
-1
Let o be 22/33*15/(-2). Let s = o + 10. Let w(l) = l**2 - 6*l + 6. Determine w(s).
1
Suppose -4*n + 2*h + 5 = -h, 0 = 4*n - h - 7. Let b(m) = -3*m**2 + 8*m - 2*m**2 + 6*m**2 - n*m**2. Determine b(7).
7
Let k(p) = p**3 - 7*p**2 + 5*p + 4. Let s be k(6). Let q(u) be the third derivative of 1/6*u**3 - 1/30*u**5 + 0 + 17*u**2 - 1/24*u**4 + 0*u. Give q(s).
-5
Let c(k) = -4 + 5 - 2 - 22*k + 15*k - 12*k. Determine c(1).
-20
Let r(d) be the first derivative of -2*d - 7/2*d**2 + 41. Determine r(-4).
26
Let b(p) be the first derivative of -p**3/3 - p**2 + 2*p + 82. Determine b(2).
-6
Let c be 0 + -2 - (0 + 2). Suppose -11 = -2*a + 1. Let w(y) = a*y - 6 - 3*y - 4*y. Give w(c).
-2
Suppose -10*l + 3*j - 14 = -9*l, 3*l = 2*j - 21. Let h(b) = -b**2 - 4*b - 1. Give h(l).
-6
Let l(u) be the third derivative of -u**6/120 + u**5/5 + u**4/6 - 17*u**3/6 + 651*u**2. Calculate l(12).
31
Let i(v) = -v + 18. Let f be (14/(-28))/(3/(-54)). Determine i(f).
9
Suppose 2 = -d - 2*l + 4*l, -2 = -2*l. Suppose 0 = -2*b + 3 + 5. Let q(i) = b - 2 + 2 - i**2. Give q(d).
4
Suppose 166*o - 153 = 157*o. Let y(i) = i**3 - 16*i**2 - 15*i - 31. Calculate y(o).
3
Let g(t) = t - 2. Let y(x) = -7*x + 3. Let v(u) = 5*g(u) + y(u). Calculate v(-6).
5
Let t(p) = -p**2 + 13*p - 16. Let x be 1 + (12/(-15) - (-324)/30). Give t(x).
6
Let u(o) be the first derivative of 5 - 2*o + 1/3*o**3 + 3/2*o**2. Give u(2).
8
Let h(c) = -c**2 - 6*c + 3. Let f be h(-7). Let i(t) = 2*t**3 - 7*t**2 - t + 4. Let a(j) = -j**3 + j**2 - j - 1. Let b(q) = -3*a(q) - i(q). What is b(f)?
-17
Let o(q) = q**3 + 5*q**2 - 4*q + 2. Suppose -v + 30 = 2*v - 3*i, -16 = -v + 3*i. Let x(l) = -l + 1. Let f be x(v). Determine o(f).
-10
Let y(o) = 3*o**2 - 7*o - 11. Let j(w) = w**2 + 2*w - 1. Let x(l) = 2*j(l) - y(l). Give x(9)